of 673?
7
What is the thousands digit of 3855?
3
What is the tens digit of 7804?
0
What is the hundreds digit of 756?
7
What is the units digit of 63696?
6
What is the thousands digit of 3193?
3
What is the hundreds digit of 1617?
6
What is the tens digit of 4428?
2
What is the tens digit of 17902?
0
What is the units digit of 3561?
1
What is the units digit of 791?
1
What is the ten thousands digit of 15596?
1
What is the thousands digit of 3660?
3
What is the units digit of 685?
5
What is the hundreds digit of 1541?
5
What is the hundreds digit of 2257?
2
What is the units digit of 50326?
6
What is the units digit of 1166?
6
What is the units digit of 752?
2
What is the hundreds digit of 6558?
5
What is the units digit of 58536?
6
What is the units digit of 49?
9
What is the thousands digit of 2851?
2
What is the tens digit of 5684?
8
What is the hundreds digit of 24278?
2
What is the tens digit of 4979?
7
What is the thousands digit of 9590?
9
What is the hundreds digit of 85199?
1
What is the units digit of 111?
1
What is the hundred thousands digit of 125855?
1
What is the ten thousands digit of 29496?
2
What is the units digit of 1694?
4
What is the units digit of 22809?
9
What is the ten thousands digit of 13222?
1
What is the tens digit of 5142?
4
What is the hundreds digit of 8936?
9
What is the thousands digit of 39557?
9
What is the thousands digit of 4740?
4
What is the ten thousands digit of 21218?
2
What is the hundreds digit of 15539?
5
What is the hundreds digit of 39088?
0
What is the hundreds digit of 88368?
3
What is the units digit of 352?
2
What is the hundreds digit of 430?
4
What is the hundreds digit of 350?
3
What is the units digit of 90587?
7
What is the hundreds digit of 4505?
5
What is the hundreds digit of 499?
4
What is the units digit of 104146?
6
What is the tens digit of 60977?
7
What is the units digit of 2707?
7
What is the hundreds digit of 5565?
5
What is the hundreds digit of 12633?
6
What is the thousands digit of 50174?
0
What is the thousands digit of 9474?
9
What is the ten thousands digit of 19853?
1
What is the tens digit of 1198?
9
What is the hundreds digit of 3615?
6
What is the units digit of 46620?
0
What is the hundreds digit of 132987?
9
What is the tens digit of 1931?
3
What is the units digit of 11158?
8
What is the hundreds digit of 5980?
9
What is the thousands digit of 13768?
3
What is the thousands digit of 14783?
4
What is the tens digit of 4001?
0
What is the ten thousands digit of 11643?
1
What is the thousands digit of 1412?
1
What is the thousands digit of 3282?
3
What is the hundreds digit of 15723?
7
What is the units digit of 32054?
4
What is the units digit of 154987?
7
What is the tens digit of 7180?
8
What is the hundreds digit of 979?
9
What is the units digit of 318?
8
What is the units digit of 1450?
0
What is the tens digit of 19558?
5
What is the units digit of 980?
0
What is the ten thousands digit of 22433?
2
What is the thousands digit of 18505?
8
What is the thousands digit of 1051?
1
What is the ten thousands digit of 17899?
1
What is the hundreds digit of 13235?
2
What is the hundreds digit of 26915?
9
What is the tens digit of 12472?
7
What is the thousands digit of 8787?
8
What is the thousands digit of 55608?
5
What is the thousands digit of 51000?
1
What is the thousands digit of 213399?
3
What is the thousands digit of 123075?
3
What is the thousands digit of 9518?
9
What is the thousands digit of 2026?
2
What is the thousands digit of 18120?
8
What is the thousands digit of 22993?
2
What is the tens digit of 309?
0
What is the units digit of 3892?
2
What is the hundreds digit of 16467?
4
What is the ten thousands digit of 58669?
5
What is the hundreds digit of 7094?
0
What is the units digit of 98?
8
What is the hundreds digit of 887?
8
What is the thousands digit of 139442?
9
What is the units digit of 6264?
4
What is the units digit of 789?
9
What is the tens digit of 877?
7
What is the tens digit of 60445?
4
What is the hundreds digit of 17743?
7
What is the thousands digit of 7519?
7
What is the thousands digit of 62552?
2
What is the tens digit of 103077?
7
What is the thousands digit of 4220?
4
What is the hundreds digit of 21525?
5
What is the units digit of 47004?
4
What is the units digit of 35829?
9
What is the ten thousands digit of 11702?
1
What is the hundreds digit of 31848?
8
What is the hundreds digit of 2528?
5
What is the thousands digit of 39007?
9
What is the hundreds digit of 174?
1
What is the tens digit of 3399?
9
What is the hundreds digit of 986?
9
What is the hundreds digit of 18856?
8
What is the hundreds digit of 2607?
6
What is the thousands digit of 7986?
7
What is the tens digit of 4854?
5
What is the hundreds digit of 726?
7
What is the thousands digit of 17237?
7
What is the thousands digit of 1825?
1
What is the ten thousands digit of 12064?
1
What is the hundreds digit of 8695?
6
What is the units digit of 1327?
7
What is the units digit of 365?
5
What is the tens digit of 2633?
3
What is the tens digit of 713?
1
What is the hundreds digit of 56911?
9
What is the tens digit of 812?
1
What is the hundreds digit of 880?
8
What is the tens digit of 678?
7
What is the hundreds digit of 32551?
5
What is the units digit of 4633?
3
What is the units digit of 8005?
5
What is the tens digit of 45323?
2
What is the tens digit of 30817?
1
What is the thousands digit of 1641?
1
What is the units digit of 1419?
9
What is the hundreds digit of 9434?
4
What is the ten thousands digit of 55441?
5
What is the tens digit of 31488?
8
What is the tens digit of 419?
1
What is the hundreds digit of 6975?
9
What is the hundreds digit of 2681?
6
What is the tens digit of 145836?
3
What is the tens digit of 20?
2
What is the hundreds digit of 8672?
6
What is the tens digit of 10937?
3
What is the hundreds digit of 16954?
9
What is the units digit of 576?
6
What is the hundreds digit of 11344?
3
What is the units digit of 34779?
9
What is the units digit of 3394?
4
What is the units digit of 661?
1
What is the units digit of 4588?
8
What is the units digit of 12113?
3
What is the hundreds digit of 3415?
4
What is the units digit of 992?
2
What is the thousands digit of 25869?
5
What is the units digit of 21168?
8
What is the units digit of 7249?
9
What is the tens digit of 67852?
5
What is the hundreds digit of 3110?
1
What is the tens digit of 2734?
3
What is the tens digit of 2265?
6
What is the units digit of 1452?
2
What is the units digit of 65?
5
What is the units digit of 255?
5
What is the tens digit of 1160?
6
What is the tens digit of 53780?
8
What is the thousands digit of 64214?
4
What is the thousands digit of 110282?
0
What is the thousands digit of 1526?
1
What is the ten thousands digit of 16934?
1
What is the hundreds digit of 63829?
8
What is the units digit of 1249?
9
What is the units digit of 4508?
8
What is the tens digit of 53575?
7
What is the tens digit of 1827?
2
What is the tens digit of 861?
6
What is the hundreds digit of 72891?
8
What is the tens digit of 8479?
7
What is the hundreds digit of 12759?
7
What is the units digit of 6543?
3
What is the hundreds digit of 6032?
0
What is the hundreds digit of 8454?
4
What is the ten thousands digit of 19540?
1
What is the tens digit of 8523?
2
What is the hundreds digit of 89236?
2
What is the tens digit of 7863?
6
What is the thousands digit of 4771?
4
What is the ten thousands digit of 103544?
0
What is the hundreds digit of 15411?
4
What is the tens digit of 454?
5
What is the ten thousands digit of 52714?
5
What is the ten thousands digit of 18109?
1
What is the tens digit of 527?
2
What is the tens digit of 1883?
8
What is the ten thousands digit of 32829?
3
What is the thousands digit of 4657?
4
What is the hundreds digit of 768?
7
What is the units digit of 455?
5
What is the hundreds digit of 2109?
1
What is the hundreds digit of 7898?
8
What is the tens digit of 10688?
8
What is the units digit of 10172?
2
What is the hundreds digit of 1057?
0
What is the tens digit of 938?
3
What is the hundreds digit of 8653?
6
What is the hundreds digit of 896?
8
What is the hundreds digit of 7238?
2
What is the tens digit of 29891?
9
What is the ten thousands digit of 21475?
2